81
Let j be ((-5)/5)/(-1)*-1. Let w be 14/((j + 2)*2). Suppose -4*c + 325 = o, -w = 4*o + 5. List the prime factors of c.
2, 41
Let q = 11 - 8. Suppose 27*n + q*n = 40620. List the prime factors of n.
2, 677
Let s = 3903 + -3906. Suppose -2*h - 4 - 2 = 0. List the prime factors of s/(h/(-4)) - -58.
2, 3
Suppose q + b + 15 = -0*q, -q = 2*b + 16. Suppose -3*f + 9*t = 4*t - 160, 25 = f + 4*t. Let i = q + f. What are the prime factors of i?
31
Suppose -4*i - 2*q + 33552 = 0, 86*i - 83*i - 3*q = 25173. List the prime factors of i.
8389
Suppose -25432 = 12*b - 46*b. Suppose b = 4*l + m, -3*l + 2*m = -3*m - 561. What are the prime factors of l?
11, 17
Suppose w + 2*w = -3*x + 52875, 3*w = -4*x + 70505. What are the prime factors of x?
2, 5, 41, 43
Let k(g) be the first derivative of -3/2*g**2 - 5/4*g**4 - 26 + 5/3*g**3 + 2*g. What are the prime factors of k(-3)?
191
Let q = 11 - 13. Suppose -19*m + 52 = -24. What are the prime factors of (264/m*q)/(-1)?
2, 3, 11
Suppose -5*l + 3*l - 2*s + 726 = 0, -s + 4 = 0. Let k be 0 - (2 + 1 + -3)*1. Suppose k = -10*o + l + 441. What are the prime factors of o?
2, 5
Let x = -50110 - -74243. What are the prime factors of x?
24133
Suppose -377*l = -376*l - 2676. What are the prime factors of (-1)/((-3 - 3)/l) - -5?
11, 41
Let x be (2/(-7))/(76/(-111986)). Suppose 0 = 5*o - 2*w - 3259 - x, -4433 = -6*o - w. What are the prime factors of o?
2, 3, 41
Let o = -74 - -38. List the prime factors of (-104)/16*1*o.
2, 3, 13
Suppose 5*s - 35 = 0, 62*b = 63*b + 2*s - 7073. List the prime factors of b.
3, 13, 181
Let t(m) = -4*m - 38. Let h be t(-9). Let n be 22 + 1 + h/1 + 4. Suppose 0 = 5*y - 45 + n. What are the prime factors of y?
2
Let l(i) = 10*i - 12. Let g be l(2). Suppose 2 = -5*n + 4*r + g, 4*n - 13 = -5*r. Let a = 73 - n. What are the prime factors of a?
71
Let d(m) = m**3 - 4*m**2 + 4*m + 5. Let n be d(4). Suppose -n*t + 2 = -22*t. List the prime factors of ((-28)/(-10) - -2)/(t/(-40)).
2, 3
Let j(v) = -v**3 + 5*v**2 + 17*v + 3. Let b be j(7). Suppose -14820 = -b*i - 6*i. What are the prime factors of i?
2, 13, 19
Let a = -72 + -3. Let f = a - -81. Suppose -f*q + 604 = -122. What are the prime factors of q?
11
Suppose 0 = 2*b - 545 + 195. Suppose -q + 220 = -5*f, -3*f + q = f + b. Let x = 74 + f. What are the prime factors of x?
29
Let l(m) be the first derivative of 19*m**2/2 + 29*m - 8. List the prime factors of l(13).
2, 3, 23
Let x be (-12)/(-4) - 1*(-55)/(-5). Let w(b) = 5*b**2 - 20*b - 9. List the prime factors of w(x).
3, 157
Suppose 0 = -k + 1 + 8. Let a(n) = 6*n + 6. Let t be a(k). Suppose 3*h - 174 = -t. What are the prime factors of h?
2, 19
Let k(w) = 17*w**2 + 8*w - 3. Suppose -5*h - 1 = -21. List the prime factors of k(h).
7, 43
Suppose -141 = -o - 4*g, o + 137 = 2*o + 5*g. Suppose 45*z - 40*z - 2*u + 38 = 0, 2*u = -3*z - 10. List the prime factors of z/2*-1 + o.
2, 5
Let t = 25 - 102. Suppose -227 - 1303 = 9*r. Let d = t - r. What are the prime factors of d?
3, 31
Let x = -20182 + 38365. What are the prime factors of x?
3, 11, 19, 29
Let k(w) = w**3 + 8*w**2 - 3*w - 19. Let z be k(-8). Suppose 4*v - 184 + 482 = -3*q, -z*v + 485 = -5*q. Let o = 144 + q. What are the prime factors of o?
2, 23
What are the prime factors of -1*(-6 + 13) + 41953?
2, 3, 6991
Let q(y) be the third derivative of 5*y**4/24 - 12*y**3 - 4*y**2. Let d be q(15). Suppose 50 = f + 3*k, -d*f + 0*k = -5*k - 80. What are the prime factors of f?
5, 7
Let n be (3 - 3)*(-2)/(8/(-4)). Suppose 19*g - 13661 = -n*g. What are the prime factors of g?
719
Let j be (40/6 - 2) + 8/(-12). Suppose 4*f = -j*a + 48, -4*f - a + 3 = -30. What are the prime factors of 8/28 + 376/f?
2, 3
Let y(z) = -z - 136. Let x be y(40). What are the prime factors of x/(-5) - (-16)/20?
2, 3
Suppose -3*c - 60*y + 51980 = -55*y, 2*y - 86589 = -5*c. List the prime factors of c.
5, 3463
Let a(h) = -174*h - 1214. Let g be a(-7). Let x(l) = l**3 + 5*l**2 + 3*l + 2. Let q be x(-4). Suppose -g*p = -q*p + 312. What are the prime factors of p?
2, 3, 13
Suppose 89*b - 2127526 = 59*b - 76*b. List the prime factors of b.
20071
What are the prime factors of ((-1)/(-2) - (-2108)/8) + (138 - 132)?
2, 3, 5
Suppose g = -2*w - 5, 0 = -4*w + 7*g - 2*g - 45. Let n(i) = -4*i**3 - 10*i**2 - i + 8. What are the prime factors of n(w)?
263
Suppose -5*c + 4*a = -32, -4*c + 40 = -8*a + 12*a. Suppose -4*h + c = 12, 472 = y + 4*h. What are the prime factors of y?
2, 7, 17
Suppose -6*q + 20676 = 2*r - 2*q, 0 = 2*r - 2*q - 20646. What are the prime factors of r?
2, 1291
Suppose 0 = 3*d - u - 48887, d - 13904 - 2401 = -u. What are the prime factors of d?
2, 29, 281
Let p be (1/(-3))/(-6 + 508/84). List the prime factors of 2/(-8) + p + 11668/16.
2, 19
Suppose -3*x - 76755 = -4*p, -x + 2*x = -4*p + 76735. What are the prime factors of p?
3, 5, 1279
Let x be (-3916)/(-56) + 2/28. What are the prime factors of 1700/x + (-6)/21?
2, 3
Let n(y) = -y**3 - 56*y**2 - 24*y - 129. What are the prime factors of n(-58)?
61, 131
Let c(p) = -74*p + 47. Let s be (23 + -21)/(2/(-4)). List the prime factors of c(s).
7
Suppose 0 = 25*b - 20*b - 2790. List the prime factors of -2*(b/(-4) - 6).
3, 97
Let o = -3825 + 10125. List the prime factors of o.
2, 3, 5, 7
Suppose -4*x - 5*u = -4*u + 1205, -3*x - 904 = u. Let d = x - -430. List the prime factors of d.
3, 43
Suppose -5*c - 196 = 2*c. Let q(s) = -43*s - 146. What are the prime factors of q(c)?
2, 23
Let g(n) = -n**3 - 80*n**2 + 78*n + 2565. What are the prime factors of g(-84)?
3, 2693
Let x = -308 - -308. Suppose x = 3*m - v - 2437, -v = -m + 3*v + 827. What are the prime factors of m?
811
Let b = 2259 - 1561. Let r = b - 309. What are the prime factors of r?
389
Let l = 1650 - 1320. Suppose -a + 3*f = 2*a - 15, 5*f = -15. Suppose q = 3*d - l, -q = -a*q + 3. List the prime factors of d.
3, 37
What are the prime factors of (-2)/9 + 568120/180?
2, 3, 263
Suppose -338446 = 90*c - 1539528 - 1605838. List the prime factors of c.
2, 3, 23, 113
Suppose 30 = -5*n + 5*j, 10 = -n + 2*j + 2. Let m(x) = -x**3 - 2*x**2 + 5*x - 9. Let w be m(n). Suppose -4*d + 134 = -w*d. What are the prime factors of d?
2, 67
Let n = 72 + -70. Suppose 3*r - 3*b + 242 = 1841, n*b = -5*r + 2637. What are the prime factors of r?
23
Suppose 3*q - x + 6276 = -2*q, 2*x - 5016 = 4*q. Let s = q - -2255. List the prime factors of s.
3, 37
Let p(h) = -h**3 - 31*h**2 - 16*h + 9. List the prime factors of p(-34).
4021
Suppose -622*b + 621*b = -12. Suppose 31*r - 24529 = b*r. List the prime factors of r.
1291
Suppose 5*l - t - 17601 = 0, -5*l = -8*t + 12*t - 17571. List the prime factors of l.
3, 17, 23
Suppose 0 = -11*x - 10*x + 84. Suppose 6*q - 4*q = 2*k + 2904, -2*k + 5826 = x*q. List the prime factors of q.
3, 5, 97
Suppose 5*u = n + 1700, -n - 4*u + 1151 - 2833 = 0. Let t = -249 - n. What are the prime factors of t?
11, 131
Let m(i) = 26*i + 28. Let p be m(12). Let y = 518 - p. List the prime factors of y.
2, 89
Let v(s) = s**3 - 4*s**2 + 6*s - 7. Let h(u) = -u**3 + 3*u**2 + 21*u - 6. Let t be h(6). Suppose p - 4*k - t = 11, 5*k = -25. List the prime factors of v(p).
2
Suppose -230 + 2084 = 103*y. Suppose 5*a = -3 - 7. List the prime factors of y/(-4)*(26/(-3) - a).
2, 3, 5
Let i = 428 + -200. Suppose 2*m - i = -2*x, 3*x + 421 = 5*m - m. List the prime factors of m.
109
Let a = 36374 + 32368. List the prime factors of a.
2, 3, 19, 67
Suppose 0 = -8*w + 30 + 10. Suppose -b - w*u = 8, -b + 6*b - 41 = 2*u. Suppose b*o - 3*o - 3*z = 152, 2*o = z + 74. List the prime factors of o.
5, 7
Let d be (-1)/(196/64 + -3). Let v be (d/12)/(((-80)/(-36))/(-5)). List the prime factors of (17/v)/(6/54).
3, 17
Let o(v) = 6*v**2 - 33*v + 450. What are the prime factors of o(-48)?
2, 3, 881
Suppose 35*k + 2*y - 69874 = 31*k, 0 = 2*k - 2*y - 34946. List the prime factors of k.
2, 5, 1747
Suppose 31*v = -36343 + 502614. List the prime factors of v.
13, 89
Let c be ((-145)/(-20) - 7)*0. Suppose c = 53*a - 57*a + 3372. What are the prime factors of a?
3, 281
Let t(j) = j**3 - 12*j**2 + j - 7. Let s = -52 - -64. Let f be t(s). Suppose -5*y - 1180 = -f*r, -4*y = -0*y - 20. What are the prime factors of r?
241
Let r(t) = -52 + 12*t + 5*t - t**2 - 9*t**2 + 9*t**2. List the prime factors of r(7).
2, 3
Let g(q) = -80*q**3 + 4*